{"id":12399,"date":"2022-12-06T14:52:48","date_gmt":"2022-12-06T13:52:48","guid":{"rendered":"https:\/\/swiat-tektury.pl\/?post_type=product&#038;p=12399"},"modified":"2023-09-18T13:28:03","modified_gmt":"2023-09-18T11:28:03","slug":"podstawka-pod-laptopa-z-nadrukiem","status":"publish","type":"product","link":"https:\/\/swiat-tektury.pl\/en\/product\/podstawka-pod-laptopa-z-nadrukiem\/","title":{"rendered":"Podstawka pod laptopa z nadrukiem"},"content":{"rendered":"<p>Praktyczny\u00a0<b>stolik \/ podstawka<\/b>\u00a0pod laptopa umo\u017cliwiaj\u0105ca wygodn\u0105 prac\u0119 nawet w \u0142\u00f3\u017cku. Wykonany jest z\u00a0<b>ekologicznej i wytrzyma\u0142ej tektury<\/b>\u00a0pi\u0119cio oraz siedmiowarstwowej. Ponadto mo\u017ce s\u0142u\u017cy\u0107 jako\u00a0<b>stolik \u015bniadaniowy<\/b>\u00a0lub\u00a0<b>do czytania<\/b>.<\/p>\n<h2>Wi\u0119cej informacji:<\/h2>\n<ul>\n<li><b>materia\u0142:<\/b>\u00a05- i 7-warstwowa tektura falista<\/li>\n<li><b>wymiary stolika:<\/b>\u00a032 x 63 x 40 cm [wys. x szer. x g\u0142.]<\/li>\n<li><b>wymiary blatu:<\/b>\u00a047 x 40 cm [szer. x g\u0142.]<\/li>\n<li><b>maksymalne obci\u0105\u017cenie:<\/b>\u00a030 kg<\/li>\n<\/ul>\n<p>Masz pytanie odno\u015bnie tego produktu? Zadaj je w formularzu poni\u017cej.<\/p>","protected":false},"excerpt":{"rendered":"<p>Praktyczny stolik \/ podstawka pod laptopa umo\u017cliwiaj\u0105ca wygodn\u0105 prac\u0119 nawet w \u0142\u00f3\u017cku.<\/p>","protected":false},"featured_media":12232,"template":"","meta":[],"product_brand":[],"product_cat":[16],"product_tag":[167,166,21,20,165],"class_list":{"0":"post-12399","1":"product","2":"type-product","3":"status-publish","4":"has-post-thumbnail","6":"product_cat-meble-do-domu","7":"product_tag-eko","8":"product_tag-karton","9":"product_tag-meble-z-kartonu","10":"product_tag-meble-z-tektury","11":"product_tag-tektura","12":"pa_meble-z-tektury-biurka-stoliki","14":"first","15":"instock","16":"taxable","17":"shipping-taxable","18":"purchasable","19":"product-type-simple"},"yoast_head":"<!-- This site is optimized with the Yoast SEO plugin v26.0 - https:\/\/yoast.com\/wordpress\/plugins\/seo\/ -->\n<title>Podstawka pod laptopa z nadrukiem | \u015bwiat-tektury.pl<\/title>\n<meta name=\"description\" content=\"Nasz ekologiczny kosz na \u015bmieci z tektury o pojemno\u015bci 50 litr\u00f3w.\" \/>\n<meta name=\"robots\" content=\"index, follow, max-snippet:-1, max-image-preview:large, max-video-preview:-1\" \/>\n<link rel=\"canonical\" href=\"https:\/\/swiat-tektury.pl\/en\/product\/podstawka-pod-laptopa-z-nadrukiem\/\" \/>\n<meta property=\"og:locale\" content=\"en_GB\" \/>\n<meta property=\"og:type\" content=\"article\" \/>\n<meta property=\"og:title\" content=\"Podstawka pod laptopa z nadrukiem | \u015bwiat-tektury.pl\" \/>\n<meta property=\"og:description\" content=\"Nasz ekologiczny kosz na \u015bmieci z tektury o pojemno\u015bci 50 litr\u00f3w.\" \/>\n<meta property=\"og:url\" content=\"https:\/\/swiat-tektury.pl\/en\/product\/podstawka-pod-laptopa-z-nadrukiem\/\" \/>\n<meta property=\"og:site_name\" content=\"\u015bwiat-tektury.pl\" \/>\n<meta property=\"article:publisher\" content=\"https:\/\/www.facebook.com\/swiattektury\/\" \/>\n<meta property=\"article:modified_time\" content=\"2023-09-18T11:28:03+00:00\" \/>\n<meta property=\"og:image\" content=\"https:\/\/swiat-tektury.pl\/wp-content\/uploads\/2020\/06\/PODSTAWKA-NA-LAPTOPA-1-1024x1024.png\" \/>\n\t<meta property=\"og:image:width\" content=\"1024\" \/>\n\t<meta property=\"og:image:height\" content=\"1024\" \/>\n\t<meta property=\"og:image:type\" content=\"image\/png\" \/>\n<meta name=\"twitter:card\" content=\"summary_large_image\" \/>\n<meta name=\"twitter:label1\" content=\"Estimated reading time\" \/>\n\t<meta name=\"twitter:data1\" content=\"1 minute\" \/>\n<script type=\"application\/ld+json\" class=\"yoast-schema-graph\">{\"@context\":\"https:\/\/schema.org\",\"@graph\":[{\"@type\":\"WebPage\",\"@id\":\"https:\/\/swiat-tektury.pl\/produkt\/podstawka-pod-laptopa-z-nadrukiem\/\",\"url\":\"https:\/\/swiat-tektury.pl\/produkt\/podstawka-pod-laptopa-z-nadrukiem\/\",\"name\":\"Podstawka pod laptopa z nadrukiem | \u015bwiat-tektury.pl\",\"isPartOf\":{\"@id\":\"http:\/\/swiat-tektury.pl\/en\/#website\"},\"primaryImageOfPage\":{\"@id\":\"https:\/\/swiat-tektury.pl\/produkt\/podstawka-pod-laptopa-z-nadrukiem\/#primaryimage\"},\"image\":{\"@id\":\"https:\/\/swiat-tektury.pl\/produkt\/podstawka-pod-laptopa-z-nadrukiem\/#primaryimage\"},\"thumbnailUrl\":\"https:\/\/swiat-tektury.pl\/wp-content\/uploads\/2020\/06\/PODSTAWKA-NA-LAPTOPA-1.png\",\"datePublished\":\"2022-12-06T13:52:48+00:00\",\"dateModified\":\"2023-09-18T11:28:03+00:00\",\"description\":\"Nasz ekologiczny kosz na \u015bmieci z tektury o pojemno\u015bci 50 litr\u00f3w.\",\"breadcrumb\":{\"@id\":\"https:\/\/swiat-tektury.pl\/produkt\/podstawka-pod-laptopa-z-nadrukiem\/#breadcrumb\"},\"inLanguage\":\"en-GB\",\"potentialAction\":[{\"@type\":\"ReadAction\",\"target\":[\"https:\/\/swiat-tektury.pl\/produkt\/podstawka-pod-laptopa-z-nadrukiem\/\"]}]},{\"@type\":\"ImageObject\",\"inLanguage\":\"en-GB\",\"@id\":\"https:\/\/swiat-tektury.pl\/produkt\/podstawka-pod-laptopa-z-nadrukiem\/#primaryimage\",\"url\":\"https:\/\/swiat-tektury.pl\/wp-content\/uploads\/2020\/06\/PODSTAWKA-NA-LAPTOPA-1.png\",\"contentUrl\":\"https:\/\/swiat-tektury.pl\/wp-content\/uploads\/2020\/06\/PODSTAWKA-NA-LAPTOPA-1.png\",\"width\":1920,\"height\":1920},{\"@type\":\"BreadcrumbList\",\"@id\":\"https:\/\/swiat-tektury.pl\/produkt\/podstawka-pod-laptopa-z-nadrukiem\/#breadcrumb\",\"itemListElement\":[{\"@type\":\"ListItem\",\"position\":1,\"name\":\"Strona g\u0142\u00f3wna\",\"item\":\"http:\/\/swiat-tektury.pl\/en\/\"},{\"@type\":\"ListItem\",\"position\":2,\"name\":\"Sklep\",\"item\":\"http:\/\/swiat-tektury.pl\/sklep\/\"},{\"@type\":\"ListItem\",\"position\":3,\"name\":\"Podstawka pod laptopa z nadrukiem\"}]},{\"@type\":\"WebSite\",\"@id\":\"http:\/\/swiat-tektury.pl\/en\/#website\",\"url\":\"http:\/\/swiat-tektury.pl\/en\/\",\"name\":\"\u015bwiat-tektury.pl\",\"description\":\"Ekologiczne meble z tektury\",\"publisher\":{\"@id\":\"http:\/\/swiat-tektury.pl\/en\/#organization\"},\"potentialAction\":[{\"@type\":\"SearchAction\",\"target\":{\"@type\":\"EntryPoint\",\"urlTemplate\":\"http:\/\/swiat-tektury.pl\/en\/?s={search_term_string}\"},\"query-input\":{\"@type\":\"PropertyValueSpecification\",\"valueRequired\":true,\"valueName\":\"search_term_string\"}}],\"inLanguage\":\"en-GB\"},{\"@type\":\"Organization\",\"@id\":\"http:\/\/swiat-tektury.pl\/en\/#organization\",\"name\":\"\u015awiat tektury\",\"url\":\"http:\/\/swiat-tektury.pl\/en\/\",\"logo\":{\"@type\":\"ImageObject\",\"inLanguage\":\"en-GB\",\"@id\":\"http:\/\/swiat-tektury.pl\/en\/#\/schema\/logo\/image\/\",\"url\":\"https:\/\/swiat-tektury.pl\/wp-content\/uploads\/2019\/10\/WIAT-TEKTURY-LOGOTYP-01-e1572440309804.png\",\"contentUrl\":\"https:\/\/swiat-tektury.pl\/wp-content\/uploads\/2019\/10\/WIAT-TEKTURY-LOGOTYP-01-e1572440309804.png\",\"width\":1098,\"height\":1098,\"caption\":\"\u015awiat tektury\"},\"image\":{\"@id\":\"http:\/\/swiat-tektury.pl\/en\/#\/schema\/logo\/image\/\"},\"sameAs\":[\"https:\/\/www.facebook.com\/swiattektury\/\",\"https:\/\/www.instagram.com\/swiat_tektury\/\"]}]}<\/script>\n<!-- \/ Yoast SEO plugin. -->","yoast_head_json":{"title":"Podstawka pod laptopa z nadrukiem | \u015bwiat-tektury.pl","description":"Nasz ekologiczny kosz na \u015bmieci z tektury o pojemno\u015bci 50 litr\u00f3w.","robots":{"index":"index","follow":"follow","max-snippet":"max-snippet:-1","max-image-preview":"max-image-preview:large","max-video-preview":"max-video-preview:-1"},"canonical":"https:\/\/swiat-tektury.pl\/en\/product\/podstawka-pod-laptopa-z-nadrukiem\/","og_locale":"en_GB","og_type":"article","og_title":"Podstawka pod laptopa z nadrukiem | \u015bwiat-tektury.pl","og_description":"Nasz ekologiczny kosz na \u015bmieci z tektury o pojemno\u015bci 50 litr\u00f3w.","og_url":"https:\/\/swiat-tektury.pl\/en\/product\/podstawka-pod-laptopa-z-nadrukiem\/","og_site_name":"\u015bwiat-tektury.pl","article_publisher":"https:\/\/www.facebook.com\/swiattektury\/","article_modified_time":"2023-09-18T11:28:03+00:00","og_image":[{"width":1024,"height":1024,"url":"https:\/\/swiat-tektury.pl\/wp-content\/uploads\/2020\/06\/PODSTAWKA-NA-LAPTOPA-1-1024x1024.png","type":"image\/png"}],"twitter_card":"summary_large_image","twitter_misc":{"Estimated reading time":"1 minute"},"schema":{"@context":"https:\/\/schema.org","@graph":[{"@type":"WebPage","@id":"https:\/\/swiat-tektury.pl\/produkt\/podstawka-pod-laptopa-z-nadrukiem\/","url":"https:\/\/swiat-tektury.pl\/produkt\/podstawka-pod-laptopa-z-nadrukiem\/","name":"Podstawka pod laptopa z nadrukiem | \u015bwiat-tektury.pl","isPartOf":{"@id":"http:\/\/swiat-tektury.pl\/en\/#website"},"primaryImageOfPage":{"@id":"https:\/\/swiat-tektury.pl\/produkt\/podstawka-pod-laptopa-z-nadrukiem\/#primaryimage"},"image":{"@id":"https:\/\/swiat-tektury.pl\/produkt\/podstawka-pod-laptopa-z-nadrukiem\/#primaryimage"},"thumbnailUrl":"https:\/\/swiat-tektury.pl\/wp-content\/uploads\/2020\/06\/PODSTAWKA-NA-LAPTOPA-1.png","datePublished":"2022-12-06T13:52:48+00:00","dateModified":"2023-09-18T11:28:03+00:00","description":"Nasz ekologiczny kosz na \u015bmieci z tektury o pojemno\u015bci 50 litr\u00f3w.","breadcrumb":{"@id":"https:\/\/swiat-tektury.pl\/produkt\/podstawka-pod-laptopa-z-nadrukiem\/#breadcrumb"},"inLanguage":"en-GB","potentialAction":[{"@type":"ReadAction","target":["https:\/\/swiat-tektury.pl\/produkt\/podstawka-pod-laptopa-z-nadrukiem\/"]}]},{"@type":"ImageObject","inLanguage":"en-GB","@id":"https:\/\/swiat-tektury.pl\/produkt\/podstawka-pod-laptopa-z-nadrukiem\/#primaryimage","url":"https:\/\/swiat-tektury.pl\/wp-content\/uploads\/2020\/06\/PODSTAWKA-NA-LAPTOPA-1.png","contentUrl":"https:\/\/swiat-tektury.pl\/wp-content\/uploads\/2020\/06\/PODSTAWKA-NA-LAPTOPA-1.png","width":1920,"height":1920},{"@type":"BreadcrumbList","@id":"https:\/\/swiat-tektury.pl\/produkt\/podstawka-pod-laptopa-z-nadrukiem\/#breadcrumb","itemListElement":[{"@type":"ListItem","position":1,"name":"Strona g\u0142\u00f3wna","item":"http:\/\/swiat-tektury.pl\/en\/"},{"@type":"ListItem","position":2,"name":"Sklep","item":"http:\/\/swiat-tektury.pl\/sklep\/"},{"@type":"ListItem","position":3,"name":"Podstawka pod laptopa z nadrukiem"}]},{"@type":"WebSite","@id":"http:\/\/swiat-tektury.pl\/en\/#website","url":"http:\/\/swiat-tektury.pl\/en\/","name":"\u015bwiat-tektury.pl","description":"Ekologiczne meble z tektury","publisher":{"@id":"http:\/\/swiat-tektury.pl\/en\/#organization"},"potentialAction":[{"@type":"SearchAction","target":{"@type":"EntryPoint","urlTemplate":"http:\/\/swiat-tektury.pl\/en\/?s={search_term_string}"},"query-input":{"@type":"PropertyValueSpecification","valueRequired":true,"valueName":"search_term_string"}}],"inLanguage":"en-GB"},{"@type":"Organization","@id":"http:\/\/swiat-tektury.pl\/en\/#organization","name":"\u015awiat tektury","url":"http:\/\/swiat-tektury.pl\/en\/","logo":{"@type":"ImageObject","inLanguage":"en-GB","@id":"http:\/\/swiat-tektury.pl\/en\/#\/schema\/logo\/image\/","url":"https:\/\/swiat-tektury.pl\/wp-content\/uploads\/2019\/10\/WIAT-TEKTURY-LOGOTYP-01-e1572440309804.png","contentUrl":"https:\/\/swiat-tektury.pl\/wp-content\/uploads\/2019\/10\/WIAT-TEKTURY-LOGOTYP-01-e1572440309804.png","width":1098,"height":1098,"caption":"\u015awiat tektury"},"image":{"@id":"http:\/\/swiat-tektury.pl\/en\/#\/schema\/logo\/image\/"},"sameAs":["https:\/\/www.facebook.com\/swiattektury\/","https:\/\/www.instagram.com\/swiat_tektury\/"]}]}},"_links":{"self":[{"href":"https:\/\/swiat-tektury.pl\/en\/wp-json\/wp\/v2\/product\/12399","targetHints":{"allow":["GET"]}}],"collection":[{"href":"https:\/\/swiat-tektury.pl\/en\/wp-json\/wp\/v2\/product"}],"about":[{"href":"https:\/\/swiat-tektury.pl\/en\/wp-json\/wp\/v2\/types\/product"}],"wp:featuredmedia":[{"embeddable":true,"href":"https:\/\/swiat-tektury.pl\/en\/wp-json\/wp\/v2\/media\/12232"}],"wp:attachment":[{"href":"https:\/\/swiat-tektury.pl\/en\/wp-json\/wp\/v2\/media?parent=12399"}],"wp:term":[{"taxonomy":"product_brand","embeddable":true,"href":"https:\/\/swiat-tektury.pl\/en\/wp-json\/wp\/v2\/product_brand?post=12399"},{"taxonomy":"product_cat","embeddable":true,"href":"https:\/\/swiat-tektury.pl\/en\/wp-json\/wp\/v2\/product_cat?post=12399"},{"taxonomy":"product_tag","embeddable":true,"href":"https:\/\/swiat-tektury.pl\/en\/wp-json\/wp\/v2\/product_tag?post=12399"}],"curies":[{"name":"wp","href":"https:\/\/api.w.org\/{rel}","templated":true}]}}

<p>Praktyczny <b>stolik / podstawka</b> pod laptopa umożliwiająca wygodną pracę nawet w łóżku. Wykonany jest z <b>ekologicznej i wytrzymałej tektury</b> pięcio oraz siedmiowarstwowej. Ponadto może służyć jako <b>stolik śniadaniowy</b> lub <b>do czytania</b>.</p>
<h2>Więcej informacji:</h2>
<ul>
<li><b>materiał:</b> 5- i 7-warstwowa tektura falista</li>
<li><b>wymiary stolika:</b> 32 x 63 x 40 cm [wys. x szer. x gł.]</li>
<li><b>wymiary blatu:</b> 47 x 40 cm [szer. x gł.]</li>
<li><b>maksymalne obciążenie:</b> 30 kg</li>
</ul>
<p>Masz pytanie odnośnie tego produktu? Zadaj je w formularzu poniżej.</p>

<p>Praktyczny stolik / podstawka pod laptopa umożliwiająca wygodną pracę nawet w łóżku.</p>

<!-- This site is optimized with the Yoast SEO plugin v26.0 - https://yoast.com/wordpress/plugins/seo/ -->
<title>Podstawka pod laptopa z nadrukiem | świat-tektury.pl</title>
<meta name="description" content="Nasz ekologiczny kosz na śmieci z tektury o pojemności 50 litrów." />
<meta name="robots" content="index, follow, max-snippet:-1, max-image-preview:large, max-video-preview:-1" />
<link rel="canonical" href="https://swiat-tektury.pl/en/product/podstawka-pod-laptopa-z-nadrukiem/" />
<meta property="og:locale" content="en_GB" />
<meta property="og:type" content="article" />
<meta property="og:title" content="Podstawka pod laptopa z nadrukiem | świat-tektury.pl" />
<meta property="og:description" content="Nasz ekologiczny kosz na śmieci z tektury o pojemności 50 litrów." />
<meta property="og:url" content="https://swiat-tektury.pl/en/product/podstawka-pod-laptopa-z-nadrukiem/" />
<meta property="og:site_name" content="świat-tektury.pl" />
<meta property="article:publisher" content="https://www.facebook.com/swiattektury/" />
<meta property="article:modified_time" content="2023-09-18T11:28:03+00:00" />
<meta property="og:image" content="https://swiat-tektury.pl/wp-content/uploads/2020/06/PODSTAWKA-NA-LAPTOPA-1-1024x1024.png" />
	<meta property="og:image:width" content="1024" />
	<meta property="og:image:height" content="1024" />
	<meta property="og:image:type" content="image/png" />
<meta name="twitter:card" content="summary_large_image" />
<meta name="twitter:label1" content="Estimated reading time" />
	<meta name="twitter:data1" content="1 minute" />
<script type="application/ld+json" class="yoast-schema-graph">{"@context":"https://schema.org","@graph":[{"@type":"WebPage","@id":"https://swiat-tektury.pl/produkt/podstawka-pod-laptopa-z-nadrukiem/","url":"https://swiat-tektury.pl/produkt/podstawka-pod-laptopa-z-nadrukiem/","name":"Podstawka pod laptopa z nadrukiem | świat-tektury.pl","isPartOf":{"@id":"http://swiat-tektury.pl/en/#website"},"primaryImageOfPage":{"@id":"https://swiat-tektury.pl/produkt/podstawka-pod-laptopa-z-nadrukiem/#primaryimage"},"image":{"@id":"https://swiat-tektury.pl/produkt/podstawka-pod-laptopa-z-nadrukiem/#primaryimage"},"thumbnailUrl":"https://swiat-tektury.pl/wp-content/uploads/2020/06/PODSTAWKA-NA-LAPTOPA-1.png","datePublished":"2022-12-06T13:52:48+00:00","dateModified":"2023-09-18T11:28:03+00:00","description":"Nasz ekologiczny kosz na śmieci z tektury o pojemności 50 litrów.","breadcrumb":{"@id":"https://swiat-tektury.pl/produkt/podstawka-pod-laptopa-z-nadrukiem/#breadcrumb"},"inLanguage":"en-GB","potentialAction":[{"@type":"ReadAction","target":["https://swiat-tektury.pl/produkt/podstawka-pod-laptopa-z-nadrukiem/"]}]},{"@type":"ImageObject","inLanguage":"en-GB","@id":"https://swiat-tektury.pl/produkt/podstawka-pod-laptopa-z-nadrukiem/#primaryimage","url":"https://swiat-tektury.pl/wp-content/uploads/2020/06/PODSTAWKA-NA-LAPTOPA-1.png","contentUrl":"https://swiat-tektury.pl/wp-content/uploads/2020/06/PODSTAWKA-NA-LAPTOPA-1.png","width":1920,"height":1920},{"@type":"BreadcrumbList","@id":"https://swiat-tektury.pl/produkt/podstawka-pod-laptopa-z-nadrukiem/#breadcrumb","itemListElement":[{"@type":"ListItem","position":1,"name":"Strona główna","item":"http://swiat-tektury.pl/en/"},{"@type":"ListItem","position":2,"name":"Sklep","item":"http://swiat-tektury.pl/sklep/"},{"@type":"ListItem","position":3,"name":"Podstawka pod laptopa z nadrukiem"}]},{"@type":"WebSite","@id":"http://swiat-tektury.pl/en/#website","url":"http://swiat-tektury.pl/en/","name":"świat-tektury.pl","description":"Ekologiczne meble z tektury","publisher":{"@id":"http://swiat-tektury.pl/en/#organization"},"potentialAction":[{"@type":"SearchAction","target":{"@type":"EntryPoint","urlTemplate":"http://swiat-tektury.pl/en/?s={search_term_string}"},"query-input":{"@type":"PropertyValueSpecification","valueRequired":true,"valueName":"search_term_string"}}],"inLanguage":"en-GB"},{"@type":"Organization","@id":"http://swiat-tektury.pl/en/#organization","name":"Świat tektury","url":"http://swiat-tektury.pl/en/","logo":{"@type":"ImageObject","inLanguage":"en-GB","@id":"http://swiat-tektury.pl/en/#/schema/logo/image/","url":"https://swiat-tektury.pl/wp-content/uploads/2019/10/WIAT-TEKTURY-LOGOTYP-01-e1572440309804.png","contentUrl":"https://swiat-tektury.pl/wp-content/uploads/2019/10/WIAT-TEKTURY-LOGOTYP-01-e1572440309804.png","width":1098,"height":1098,"caption":"Świat tektury"},"image":{"@id":"http://swiat-tektury.pl/en/#/schema/logo/image/"},"sameAs":["https://www.facebook.com/swiattektury/","https://www.instagram.com/swiat_tektury/"]}]}</script>
<!-- / Yoast SEO plugin. -->

Podstawka pod laptopa z nadrukiem | świat-tektury.pl

Nasz ekologiczny kosz na śmieci z tektury o pojemności 50 litrów.

świat-tektury.pl

Strona główna

Świat tektury
